3 and 517.
11
What is the highest common divisor of 56 and 63028?
28
Calculate the greatest common divisor of 4 and 7652.
4
Calculate the highest common divisor of 176375 and 664.
83
Calculate the highest common divisor of 356 and 73514.
178
What is the greatest common factor of 5113643 and 41?
41
Calculate the greatest common factor of 198 and 85041.
99
Calculate the greatest common divisor of 15 and 361755.
15
Calculate the greatest common factor of 477 and 1276929.
477
Calculate the highest common factor of 3781 and 34427.
199
Calculate the highest common divisor of 147 and 27293.
49
Calculate the greatest common factor of 12460 and 7.
7
What is the highest common divisor of 14547 and 156?
39
Calculate the greatest common divisor of 236 and 1228203.
59
What is the highest common divisor of 142 and 22933?
71
Calculate the greatest common factor of 5019 and 183552.
717
Calculate the highest common divisor of 39 and 8422206.
39
What is the greatest common factor of 1991 and 15191?
11
Calculate the greatest common divisor of 39 and 427947.
39
What is the highest common divisor of 248960 and 384?
128
Calculate the highest common factor of 4628 and 19936.
356
Calculate the greatest common divisor of 1260 and 27860.
140
What is the greatest common divisor of 95018 and 1694?
154
What is the greatest common factor of 75790 and 312806?
1378
What is the greatest common factor of 470624 and 2292?
764
Calculate the highest common factor of 103563 and 6031.
37
What is the greatest common divisor of 140160 and 4?
4
What is the greatest common divisor of 421392 and 42?
6
Calculate the greatest common divisor of 203096 and 636.
212
What is the greatest common divisor of 1312 and 288?
32
What is the highest common factor of 62800 and 75?
25
What is the greatest common divisor of 817 and 95?
19
Calculate the greatest common divisor of 48 and 9872.
16
What is the highest common divisor of 28381 and 909?
101
What is the highest common factor of 1024 and 3136?
64
Calculate the greatest common divisor of 7947 and 63.
9
What is the greatest common divisor of 60 and 316860?
60
Calculate the highest common divisor of 35 and 3333365.
35
What is the highest common factor of 6487 and 13?
13
What is the greatest common divisor of 5 and 322715?
5
Calculate the highest common divisor of 216 and 46.
2
What is the greatest common factor of 1925 and 2625?
175
What is the highest common divisor of 5188400 and 20?
20
Calculate the highest common factor of 115 and 269813.
23
What is the highest common factor of 738 and 1763?
41
What is the highest common factor of 6 and 83622?
6
What is the highest common divisor of 9 and 244389?
3
What is the greatest common factor of 8958 and 1020?
6
Calculate the greatest common divisor of 3 and 1334649.
3
What is the greatest common factor of 195 and 16680?
15
Calculate the highest common factor of 4585 and 1096470.
655
What is the greatest common factor of 477 and 67893?
159
Calculate the greatest common divisor of 7630 and 138103.
763
Calculate the greatest common factor of 45 and 169605.
45
What is the highest common divisor of 1356258 and 456?
114
Calculate the highest common factor of 52008 and 792.
264
What is the highest common factor of 26 and 291863?
13
What is the greatest common factor of 3745 and 126?
7
What is the highest common divisor of 9 and 1167?
3
What is the highest common factor of 79509 and 204?
51
Calculate the greatest common divisor of 78279 and 150102.
807
What is the greatest common factor of 960 and 131220?
60
Calculate the highest common divisor of 894 and 48.
6
Calculate the highest common factor of 110 and 73282.
22
Calculate the greatest common divisor of 1 and 24747.
1
Calculate the greatest common divisor of 18 and 4174.
2
What is the highest common factor of 8322 and 60?
6
Calculate the greatest common divisor of 3816 and 296058.
318
What is the greatest common divisor of 387 and 12816?
9
Calculate the highest common factor of 468 and 14288976.
468
What is the highest common divisor of 682 and 861924?
62
What is the highest common divisor of 24 and 2994072?
24
What is the greatest common factor of 1749462 and 26?
26
What is the greatest common factor of 12447 and 10603?
461
Calculate the greatest common factor of 1160 and 205726.
58
Calculate the greatest common divisor of 182 and 56.
14
Calculate the greatest common divisor of 369943 and 574.
287
Calculate the highest common factor of 3640 and 17784.
104
Calculate the greatest common divisor of 17990 and 1540.
70
Calculate the highest common divisor of 22 and 20977.
11
What is the highest common divisor of 14617 and 799?
47
What is the greatest common factor of 164448 and 1152?
288
What is the greatest common factor of 35 and 5410?
5
Calculate the highest common divisor of 61685 and 365.
365
What is the greatest common factor of 62221 and 43?
43
What is the highest common factor of 306940 and 4768?
596
What is the greatest common divisor of 13944 and 1848?
168
What is the greatest common factor of 76 and 478192?
76
Calculate the highest common divisor of 2061 and 85875.
687
What is the greatest common factor of 32867 and 851?
23
Calculate the greatest common factor of 96 and 2482784.
32
Calculate the greatest common factor of 220 and 21604.
44
Calculate the greatest common factor of 47600 and 1680.
560
Calculate the greatest common divisor of 772140 and 136.
68
What is the highest common factor of 88 and 7546?
22
What is the greatest common divisor of 129 and 519?
3
Calculate the greatest common divisor of 24 and 6656.
8
Calculate the greatest common factor of 803408 and 1192.
1192
Calculate the highest common factor of 6011262 and 18.
18
What is the highest common factor of 161720 and 960?
40
What is the highest common factor of 36905 and 484?
121
Calculate the highest common divisor of 105 and 12705.
105
What is the greatest common factor of 54698 and 126?
14
What is the highest common divisor of 240 and 9110?
10
Calculate the greatest common factor of 66 and 123684.
66
What is the greatest common divisor of 19312 and 442?
34
What is the highest common divisor of 2481607 and 41?
41
What is the highest common divisor of 10633 and 423801?
1519
Calculate the highest common divisor of 707200 and 160.
160
Calculate the greatest common divisor of 5 and 33895.
5
What is the highest common divisor of 21098 and 2?
2
What is the greatest common factor of 1421 and 1176?
49
Calculate the greatest common divisor of 162 and 604341.
81
Calculate the highest common divisor of 1353 and 14487.
33
What is the highest common factor of 217734 and 132?
66
Calculate the highest common factor of 63 and 1347192.
63
What is the highest common factor of 122 and 2126094?
122
Calculate the greatest common factor of 2808 and 169.
13
Calculate the highest common divisor of 1284450 and 600.
150
Calculate the highest common factor of 12 and 2235252.
12
Calculate the greatest common divisor of 2585 and 39765.
55
What is the greatest common factor of 100 and 18100?
100
What is the greatest common factor of 26 and 672269?
13
Calculate the highest common factor of 71282 and 406.
58
What is the highest common divisor of 82825 and 125?
25
What is the highest common factor of 158 and 3480661?
79
What is the greatest common divisor of 78884 and 21484?
164
Calculate the greatest common divisor of 11902 and 88.
22
Calculate the highest common factor of 16921 and 1.
1
What is the greatest common factor of 54991 and 1524?
127
What is the highest common divisor of 12432 and 2864?
16
What is the greatest common divisor of 32802 and 137456?
1562
What is the greatest common factor of 20 and 3020?
20
What is the greatest common factor of 79 and 342781?
79
Calculate the highest common divisor of 93115 and 110.
55
Calculate the highest common divisor of 25 and 394910.
5
Calculate the greatest common divisor of 280884 and 3.
3
What is the highest common divisor of 3668 and 6356?
28
What is the highest common factor of 6012 and 59292?
36
What is the highest common divisor of 1116 and 6541?
31
What is the greatest common divisor of 940559 and 8296?
1037
Calculate the highest common factor of 84 and 6286.
14
What is the highest common factor of 9875 and 57625?
125
Calculate the highest common factor of 